st the prime factors of i(n).
2, 3, 5
Let n(w) = -w**3 - 5*w**2 - 8*w - 8. Let t be n(-10). Let f = -277 + t. What are the prime factors of f?
5, 59
Suppose 2*j = 5*n + 2685, -n - 1786 = 3*j - 5839. What are the prime factors of j?
2, 3, 5
Let f(w) = w**3 + 2*w**2 - 10*w - 3. Let a be f(3). Suppose -4*n + a*n = 576. List the prime factors of n.
2, 3
Let z(b) = -2*b**2 + 6*b - 2. Let f be z(1). Let q(a) = 243*a + 29. What are the prime factors of q(f)?
5, 103
Suppose 88557 + 98446 = 37*w - 78102. List the prime factors of w.
5, 1433
Suppose 6*q - 5*q + 54 = 0. Let v = q + 60. Suppose -j - 175 = -v*j. List the prime factors of j.
5, 7
Suppose 11 = 5*g - 5*u - 4, 0 = g + 5*u + 3. Suppose 4*m - 6*y = -g*y + 44, -2*y - 8 = 0. Suppose -a + 192 = m*a. List the prime factors of a.
2, 3
Let m be (-2 - -117) + -4 + -2. Let r = m - 37. What are the prime factors of r?
2, 3
List the prime factors of (1/(-2) - -1)*(11 + -8 - -52549).
2, 6569
Suppose 544*o = 532*o + 151968. List the prime factors of o.
2, 1583
Let i(j) = j**3 - 3*j**2 - 9*j. Let d(z) = z + 11. Let u = -38 + 34. Let b be d(u). List the prime factors of i(b).
7, 19
Let y be 6 + -8 - (0 + -5). Suppose -2*g = -a + 2*g + 23, y*a = 5*g + 34. What are the prime factors of 3/(-6)*0 - (a + -26)?
23
Let r be (1 - 1)/(-15 + 13). Suppose r = 9*d - 4*d - 10. Suppose -d*x + 3*x - 87 = 0. What are the prime factors of x?
3, 29
Let h = 2 - -5. Suppose 903 - 189 = h*t. What are the prime factors of t?
2, 3, 17
Let z(v) = v**2 - 6*v - 245. Let u be z(-27). Let y = 677 + u. What are the prime factors of y?
3, 7
Let q be (-2)/(-16)*2 - 501/(-12). Let g = q + -41. List the prime factors of (-3 + g)*-11*(-5)/(-2).
5, 11
Suppose 15*h = 9*h - 4*i + 46560, 4*h + 5*i - 31047 = 0. What are the prime factors of h?
2, 3, 431
Suppose -3*w + 3*v - 747 = v, -4*w = -3*v + 997. Let p be 7581/147*(-28)/(-4). Let z = w + p. What are the prime factors of z?
2, 3, 19
Let v be (23 - -7)/(3/2). Let t(g) = -5 - v - 13 - 6*g + 16*g. What are the prime factors of t(9)?
2, 13
Let x be 12*(3/(-3))/(-2). Let t be ((-248)/x)/((-2)/6). Suppose -3*l = l - t. What are the prime factors of l?
31
Suppose -49 - 14 = 3*x. What are the prime factors of 3*((-6055)/x)/5?
173
Suppose 0*a = 4*a + 128. Let b = a - -22. Let i(s) = 4*s**2 + 24*s + 12. What are the prime factors of i(b)?
2, 43
List the prime factors of -6*(-14)/63 + 2 + 167890/15.
2, 3, 311
Let a = 57 + -58. Let u be ((-64)/(-12) - 2)*(-24)/a. Suppose 6*k = -14 + u. What are the prime factors of k?
11
Suppose -5*r - 39851 = -f, -17399 = 3*f + r - 136936. What are the prime factors of f?
2, 3, 29, 229
Suppose 3*m - 9 = 0, -5*i + 2*m = -3*m - 535. Suppose 2*v = 5*y - 2*v + 522, y = -2*v - i. Let b = y - -175. What are the prime factors of b?
3, 23
Let v(q) be the third derivative of 19*q**4/24 + 7*q**2. Let f be 4/(-6)*(-15)/10. What are the prime factors of v(f)?
19
Let z = -60999 - -104949. Suppose 36*b - 26286 = z. What are the prime factors of b?
1951
Let f(y) = -y + 1. Let w(x) = -2*x + 13. Let n(a) = -3*f(a) + w(a). Let j be n(-7). Suppose -c + 335 = 2*m + j*m, 4*c + 310 = 5*m. List the prime factors of m.
2, 3, 11
Suppose -i = 4*n - 6*i - 51, 2*n + 2*i = 12. Suppose n*p = 8*p. Let z = 13 + p. List the prime factors of z.
13
List the prime factors of (-12)/32 - -722*536/128 - 5.
2, 3, 503
Let a = -1165 + 11983. List the prime factors of a.
2, 3, 601
Let f = -10013 - -17557. What are the prime factors of f?
2, 23, 41
Let v(a) = a**2 + 52*a + 10409. List the prime factors of v(0).
7, 1487
Let n(c) = 10*c - 87. Let u(p) = -4*p - 2. Let y be u(-3). What are the prime factors of n(y)?
13
Let a(m) = -612*m - 17084. What are the prime factors of a(-102)?
2, 5, 2267
What are the prime factors of ((-59710)/(-42))/(70/(-36) - -2)?
2, 3, 5, 853
Let s = -13853 - -20716. What are the prime factors of s?
6863
Suppose 16167 = q - 5*l, -16097 = -24*q + 23*q - 5*l. What are the prime factors of q?
2, 37, 109
Suppose -t + 2998 = -5*w, 7*w + 11950 = 4*t + 8*w. Suppose -6*h + 18*h = t. List the prime factors of h.
3, 83
Let i(f) = -153*f + 13 + 157*f + 54 - 4*f**2. Let y(a) = -3*a**2 + 3*a + 67. Let d(b) = -4*i(b) + 5*y(b). What are the prime factors of d(0)?
67
Let v(j) = -3*j**3 - 166*j**2 + 42*j + 83. List the prime factors of v(-57).
2, 6967
Let z = 5 + 152. Let w = 216 + z. What are the prime factors of w?
373
Suppose 5*q - 47349 + 8074 = 0. What are the prime factors of q?
5, 1571
Let x = -644 - -2090. Let h = -499 + x. What are the prime factors of h?
947
Let m be 1/(-5) - 132/(-60). Suppose -58*a + 10 = 10. Suppose m*l - 6*l + 1068 = a. What are the prime factors of l?
3, 89
Suppose 0 = 29*s - 95254 - 67030. What are the prime factors of s?
2, 1399
Let c(i) = 1835*i + 2433. List the prime factors of c(6).
3, 4481
Let c(h) = h**3 + 33*h**2 + 88*h + 51. List the prime factors of c(-28).
11, 137
Let k = 18 + -17. What are the prime factors of (164/(9 + -11))/(k/(-4))?
2, 41
Suppose 4*b = -36, 311*b = -2*l + 312*b + 9871. List the prime factors of l.
4931
Let z(d) = 9*d**2 + d**3 - 8*d - 1 + 0 + d - 3*d. Let x be z(-10). List the prime factors of (x + -5)/(3/2 + -2).
2, 3
Let o(d) = 3 - 2*d + 3*d + 6*d + 0*d. Suppose 494*x + 9 = 497*x. What are the prime factors of o(x)?
2, 3
Suppose -56*d + 1099204 = -604148. List the prime factors of d.
3, 10139
Let i be (240/192)/(-1 - 26/(-24)). Let f be (i + 6)*(-1)/(-3). Suppose -f*s + 944 = s. List the prime factors of s.
2, 59
Let s = 25371 + -11336. What are the prime factors of s?
5, 7, 401
Let r = 8021 - 600. Suppose r = 19*q - 4074. List the prime factors of q.
5, 11
List the prime factors of 1/2*-2 - (-2 + -58658)/5.
11731
Suppose -1667*i + 1668*i = 352. What are the prime factors of ((-948)/16)/((-24)/i)?
11, 79
Let p = 78933 - 55104. List the prime factors of p.
3, 13, 47
Let s = -3483 + 7467. Suppose -37*m + 42*m - 4*q = s, 3*m - 5*q = 2380. List the prime factors of m.
2, 5
Let o(j) = 4*j**3 + j**2 - 2*j - 135. Let d(l) = l**3 + l**2 - l. Let s(c) = 3*d(c) - o(c). Let x be s(0). Let n = 316 - x. What are the prime factors of n?
181
List the prime factors of (-35)/(-3)*((-60396)/(-105) - -11).
7, 977
Let h be (-4)/28 + 31848/84. Let t = 892 - h. What are the prime factors of t?
3, 19
Let h = -99437 - -144910. List the prime factors of h.
37, 1229
Let x = 30904 - 7475. What are the prime factors of x?
7, 3347
Let z be (7 + -2)/(2/2). Suppose 1830 = z*j + 285. List the prime factors of j.
3, 103
Suppose -1923 = -25*g + 111627. Suppose -g + 12180 = 19*u. List the prime factors of u.
2, 3, 67
Let g = -20 - 1. Suppose -2*w - w = 2*o - 2025, -3*o - 3375 = -5*w. What are the prime factors of (-4)/28*1 - w/g?
2
Let i = 40850 - 19464. What are the prime factors of i?
2, 17, 37
Suppose -4*r + 4*f + 14974 = -12978, -r - 6*f = -6967. List the prime factors of r.
5, 11, 127
What are the prime factors of (2561/985)/(((-1)/27685)/(-1))?
7, 13, 113
Suppose z + 653 = 3*k, -5*z - 199 = -3*k + 2*k. Suppose -5*i + d = -4*d + 145, 5*d - 33 = i. Let n = i + k. List the prime factors of n.
191
Suppose -40*p - 13*p + 56021 = 0. Let x be 2708 + 1 + 1 + -1. Suppose -14*f - p + x = 0. List the prime factors of f.
2, 59
Suppose -y - 452715 + 59399 = -15*y. List the prime factors of y.
2, 11, 1277
Suppose -121*g + 414718 = -189798. What are the prime factors of g?
2, 1249
Let f be (-5)/(-1) - (-3624 - -130). Suppose -27*c - f = -53314. List the prime factors of c.
3, 5, 41
Suppose 189*f - 187*f - 8 = 0. Suppose 3185 = 14*k - 11*k + 4*c, 2*c = f*k - 4210. What are the prime factors of k?
5, 211
Let u be ((-405)/324)/(1/(-4)). Suppose -u*l = t - 2433 + 476, -3*t = 2*l - 5897. What are the prime factors of t?
7, 281
Let j(g) = g**2 + 12*g - 49. Let k be j(-16). Suppose -5*p + 2*p = -4*u + 1247, 0 = 3*p + k. What are the prime factors of u?
2, 7, 11
Let m = 62 - 22. Suppose -5*f - 87 = 3*b - 2*f, -2*f = 10. Let s = b + m. What are the prime factors of s?
2
Suppose -l = 2*q - 421, -5*q + 8*q = -2*l + 846. Let w = 1353 - l. What are the prime factors of w?
2, 3, 7, 11
Let l(w) = w**3 + 26*w**2 - 54*w + 59. Let a be l(-28). List the prime factors of (4/1 + 433/3)*a.
5, 89
List the prime factors of 37/((-555)/180) - -11888.
2, 2969
Let o = 251 - 137. Let a be -69 - 1/(1/(-2)). Le